pose -5*a + 2*y + 95 = 0, 0 = -a - i*y + 3*y - 3. Let n(u) = 15*u + 2. Is n(a) composite?
False
Let t(s) be the second derivative of -s**4/12 + s**3/3 + 395*s**2/2 + 9*s. Is t(0) a composite number?
True
Suppose -5*s + 3*s = 4. Is (0 + s)*541/(-2) prime?
True
Let u = -520 - -2279. Is u composite?
False
Suppose 4*h - 3*l = 4145 + 15980, -2*l = -3*h + 15093. Is h prime?
False
Suppose 3*p - 3*s = -3, -4*p + 12 = 3*s - 19. Is p/14 - (-6930)/98 a prime number?
True
Suppose -60035 = -22*a + 17*a. Is a prime?
True
Suppose f = o - f - 5633, -5*f - 22523 = -4*o. Is o a composite number?
True
Let n(j) = 262*j**2 - 50*j - 1. Is n(-8) composite?
False
Let m = -11 + -125. Let s = -81 - m. Is (33/s)/((-1)/(-185)) composite?
True
Let n = 19 + -14. Let u(j) = 8 + n - 5 - 7*j. Is u(-17) a prime number?
True
Let b(g) = -g**3 + 9*g**2 - 14*g + 2. Let q be b(7). Suppose -3*d + 2201 = 4*n, q*d = n + 38 + 1444. Is d prime?
True
Is 1373 + -3*36/9 composite?
False
Let c(j) = 6*j**3 - 19*j**2 - 3*j + 27. Let k(b) = -5*b**3 + 19*b**2 + 3*b - 28. Let z(v) = 4*c(v) + 5*k(v). Is z(18) prime?
False
Let g(n) be the third derivative of 0*n + 0 - 1/12*n**5 - n**2 + 7/24*n**4 + 5/6*n**3 + 1/120*n**6. Is g(8) composite?
True
Is (-2 - -6)*62043/4 a prime number?
False
Suppose 2*z = 1 + 7. Suppose 1115 = 5*q - 5*n, -3*q + z*n + 665 = -1. Is q a prime number?
False
Suppose t - 5*k = -9*k + 7431, -4*t - k + 29799 = 0. Is t a composite number?
False
Is 1/(-2)*(-33089 + -5) prime?
True
Suppose 0 = 16*x - 9*x + 665. Let l = 14 - x. Is l a prime number?
True
Suppose 9*q + q = -3700. Let c = 593 + q. Is c prime?
True
Suppose -3*y + 9 = 0, 2*x + 4*y - 15 = 3*y. Let o(t) = -2*t - 22. Let g be o(-12). Suppose -x*v + 84 = -g*v. Is v a composite number?
True
Suppose -a = -2*a. Let s = 57 + -58. Is (1 - a)*96 - s a composite number?
False
Let c = -27252 + 54613. Is c composite?
False
Let b be (4/(-18))/((-2)/18). Suppose -d - b*d = 5*y - 2401, -4*d + 4*y = -3180. Is d a prime number?
True
Let b(f) = -f**3 - 5*f**2 - 3*f + 3. Let o be b(-4). Let x be 8/(4 + -3 - o). Suppose x*l - m - 637 = 0, 634 = -l + 5*l + 2*m. Is l composite?
True
Suppose -173 = -2*t + 3*t - 5*f, -3*f = 2*t + 320. Let k = 72 - t. Is k composite?
True
Let m be 8/(-6)*7/((-84)/18). Suppose g + 75 = 4*n + 1680, m*n - 3170 = -2*g. Is g prime?
False
Let o = 539 - 359. Suppose 4*d = 6*x - 3*x - 1, 11 = d + 3*x. Suppose -d*j + 26 = -o. Is j prime?
True
Suppose -5*f + 9*j + 9610 = 4*j, -5*f + 9615 = -4*j. Is f a prime number?
False
Suppose -3*g = 5*q - 3538, 4*g + 4*q = -g + 5875. Is g prime?
True
Suppose -5*t + 2*f = -620, 7*t - 2*t - f = 625. Is (122/(-3))/(114/t - 1) prime?
False
Let h(w) = 0*w + 1 - 6 - 15*w - 2. Let r(v) = -30*v - 13. Let g(t) = -11*h(t) + 6*r(t). Is g(-5) prime?
False
Let l(u) = 2*u**3 + 3*u**2 - 25*u - 9. Is l(6) a prime number?
False
Let h(x) = -x + 11. Let j be h(7). Suppose j*k = 1471 + 1237. Is k composite?
False
Is ((-238)/28 - -3)/(1/(-13274)) prime?
False
Let f(g) = g**2 + 2*g + 2. Let h be f(-3). Suppose -h*d + w = 6*w, 4*d + 18 = 5*w. Is (1/d)/(2/(-8)) a prime number?
True
Let v = 99 + -101. Let c(u) = -27*u**3 + 3*u + 1. Is c(v) a composite number?
False
Let a(g) = 1307*g + 33. Is a(4) composite?
False
Suppose 0*b = -4*b + 88. Suppose 0 = y + 14 + b. Is (y - 2)*6/(-12) a composite number?
False
Suppose 2*b - 71 = 139. Suppose m - 3*w = -7, -m = -5*m - 2*w + 28. Suppose -s + b = 5*j + 4*s, 0 = -3*j + m*s + 47. Is j a prime number?
True
Suppose 5*z - 6*z + 28 = 4*i, -4*i = -4*z - 28. Let x(r) = -r + 7. Let d be x(5). Suppose i*s = d*s + 185. Is s composite?
False
Suppose -5*s + 4*a - 409 = 352, 2*s + 5*a + 311 = 0. Let n be ((-298)/(-4))/((-2)/(-8)). Let z = n + s. Is z prime?
False
Suppose -4*b = 2*x - 3834, 3*x - 2*b - 7658 = -x. Is x a prime number?
False
Suppose 32 = 4*o - 4*d, -3*o + 6*d = 4*d - 25. Suppose 3*g - 3 = o. Suppose 406 = -2*q + g*q. Is q composite?
True
Suppose -40*c + 45*c = 1495. Is c prime?
False
Suppose 2*p + 1 = 3. Let x = p - -28. Suppose -u + x = 4*g, -6*u + 30 = -u - 3*g. Is u a prime number?
False
Suppose 3476 = -30*k + 34*k. Is k a composite number?
True
Let l(y) be the first derivative of -y**2 + 8*y - 4*y**2 + 1 - 1 + 8. Is l(-5) composite?
True
Let o(s) = 3*s**2 + 2*s - 6. Let k be 2/15 + 1/(60/(-428)). Is o(k) a prime number?
True
Let v(z) be the first derivative of -z**4/4 - 17*z**3/3 + 17*z**2/2 + 10*z + 2. Is v(-19) a composite number?
False
Is 22/330 + 1 + (-410038)/(-30) prime?
True
Let f = 67 + -46. Let h = f + 17. Suppose 0 = -2*n - 5*w + 14 + h, -4*w = -4*n + 132. Is n composite?
False
Let d(u) be the third derivative of 0*u**5 + 149/6*u**3 + 0 + 1/120*u**6 - u**2 + 0*u + 0*u**4. Is d(0) composite?
False
Let r(l) = -l + 18. Let u be r(10). Is u/(-12)*(-17811)/6 prime?
True
Let j = -431 + 1769. Suppose 9*c = -3*m + 7*c + 26, -5*m + 45 = 5*c. Is (12/m)/(9/j) prime?
True
Suppose n - 291 - 97 = -z, 4*n + 4 = 0. Let m = -124 + z. Is m a composite number?
True
Let p = -196 + 450. Suppose -1 = v, -2*v - v - p = -q. Is q composite?
False
Let p(h) = 523*h - 267. Is p(22) prime?
True
Let y(g) = -g - 7. Let u be y(11). Let p be 27/u*2/1. Let n(f) = 2*f**2 + 3*f - 3. Is n(p) prime?
False
Let t(w) = 17*w + 0 - 12 + 1 - 2. Is t(6) a composite number?
False
Let m = 3842 + -1814. Is (-3 - -1) + 3 + m a composite number?
False
Let t(g) = -707*g - 22. Suppose 3*l + 5*o + 34 = 0, -5*l = 2*o + 2*o + 35. Is t(l) a composite number?
False
Suppose 17074 = h - 139. Is h prime?
False
Let h = -44 + 65. Let q = 29 - h. Is (-124)/q*(-1 + -33) composite?
True
Is (40/12)/(-10) - (-28700)/6 prime?
True
Suppose 0*a - 28 = -2*a + 4*h, 4*a = -5*h - 9. Suppose 0 = -3*n - 3*n. Suppose -a*j - 505 + 2093 = n. Is j composite?
False
Let g = -99 + 77. Let t(i) = -54*i + 67. Is t(g) prime?
False
Let c be (-1)/((-1)/6*-3). Let j(a) = -46*a - 3. Let t be j(c). Let n = t - 6. Is n composite?
False
Let v(i) = 3*i**2 + 7*i + 7. Let a be (-86)/(-11) + 8/44. Suppose -5*t + q - 45 = -4*q, 0 = -2*q + a. Is v(t) a composite number?
False
Suppose -5*p = -2*p - 534. Suppose t + p - 745 = -5*m, -2*t + 1106 = -4*m. Is t prime?
True
Let l be 42/28*4/(-6) - -1. Suppose l = 4*c - 9*c + 355. Is c prime?
True
Suppose 17*k - 2076199 = -62*k. Is k a prime number?
False
Let z = -42 + 0. Let y = 31 + z. Is y/(-2)*(-636)/(-6) a composite number?
True
Suppose f - 35286 = 5*d, 0*f + 4*d - 176459 = -5*f. Is f a prime number?
True
Let w = -24022 - -44325. Is w prime?
False
Suppose 308*j = 316*j - 67928. Is j composite?
True
Suppose 13*j + 12 = j. Let x(g) = 40*g. Let t be x(4). Is (-2 - -3)*(j + t) a prime number?
False
Suppose 53*w = t + 54*w - 964, 5*w + 2916 = 3*t. Is t a prime number?
True
Suppose -l - 5*c = 22807, 5*c = -l - 2*l - 68431. Let y be l/(-24) + 1/2. Suppose -2*b - 470 = 5*s - 1423, -5*s - 4*b + y = 0. Is s prime?
True
Suppose 61 = -5*p - 3*x, -p - 4 = -5*x + 25. Let n = -11 - p. Suppose r + n*y - 280 = -68, -3*r = -y - 626. Is r a prime number?
False
Let i = -5339 + 9501. Is i composite?
True
Let o be (-5)/(-25)*5*0. Suppose o*q - 4*q = -12. Suppose -3*u + 152 = 2*r, u - q*u - 320 = -4*r. Is r composite?
False
Let g(o) = 1712*o**2 + o - 7. Is g(-2) prime?
False
Let m = 95 - -66. Suppose -g + 15 = 57. Let y = m - g. Is y composite?
True
Suppose 2*y - 9 = -d, -3*d + d + 14 = 2*y. Suppose 4*h + 2*w - 6 = 0, 0*h + 14 = h - y*w. Is (-3459)/(-45) - h/(-30) a composite number?
True
Let f = 3043 - 1758. Is f prime?
False
Let x(q) = 49*q + 0 - 10 + 9. Is x(8) prime?
False
Is 8115191/1095 - (-1 + (-17)/(-15)) a composite number?
False
Is 2*(2 + 36150/12) a composite number?
False
Let j(q) = -8*q**3 - 6*q**2 - 7*q + 5. Let v(z) = -7*z**3 - 5*z**2 - 7*z + 5. Let u(x) = -4*j(x) + 5*v(x). Is u(-4) composite?
True
Is (-34*1/(-3))/((-166)/(-747)) prime?
False
Let z(u) = -u + 2. Let g be z(2). Suppose 2*j = -o - 506, -4*j - 3*o + 4*o - 1012 = g. Let a = -104 - j. Is a prime?
True
Let m(o) = -2*o**2 - 8*o - 6. Let b be m(-3). Suppose b = 9*p + 4201 - 30652. Is p a prime number?
True
Suppose 22 = -3*z - 17. Let s = 3 + 16. Let w = z + s. Is w prime?
False
Let n(a) = 2*a**2 - 20*a + 5. Let c(y) = -3*y**2 + 39*y - 10. Let t(h) = 4*c(h) + 7*n(h). Suppose 4*v - 4*x - 53 = v, 0 = -4*v + 5*x + 69. Is t(v) prime?
False
Let q(d) = 8*